{"id":42,"date":"2017-01-15T19:28:49","date_gmt":"2017-01-15T18:28:49","guid":{"rendered":"http:\/\/taxaktual.hu\/?page_id=42"},"modified":"2020-07-29T20:10:44","modified_gmt":"2020-07-29T19:10:44","slug":"kapcsolat","status":"publish","type":"page","link":"http:\/\/taxaktual.hu\/index.php\/kapcsolat\/","title":{"rendered":"Kapcsolat"},"content":{"rendered":"<p style=\"text-align: center;\">Bar\u00e1th Barbara<br \/>\n4800 V\u00e1s\u00e1rosnam\u00e9ny, Heltai G. utca 1.<br \/>\nMobil: +36 70 375-3539<br \/>\nbarbara@taxaktual.hu<\/p>\n<p>&nbsp;<\/p>\n<p style=\"text-align: center;\"><iframe loading=\"lazy\" style=\"border: 0;\" src=\"https:\/\/www.google.com\/maps\/embed?pb=!1m14!1m12!1m3!1d2305.3261911271516!2d22.313675077136658!3d48.12055822714672!2m3!1f0!2f0!3f0!3m2!1i1024!2i768!4f13.1!5e0!3m2!1shu!2shu!4v1484506623869\" width=\"600\" height=\"450\" frameborder=\"0\" allowfullscreen=\"allowfullscreen\"><\/iframe><\/p>\n","protected":false},"excerpt":{"rendered":"<p>Bar\u00e1th Barbara 4800 V\u00e1s\u00e1rosnam\u00e9ny, Heltai G. utca 1. Mobil: +36 70 375-3539 barbara@taxaktual.hu &nbsp;<\/p>\n","protected":false},"author":1,"featured_media":0,"parent":0,"menu_order":0,"comment_status":"closed","ping_status":"closed","template":"","meta":{"footnotes":""},"class_list":["post-42","page","type-page","status-publish","hentry"],"_links":{"self":[{"href":"http:\/\/taxaktual.hu\/index.php\/wp-json\/wp\/v2\/pages\/42","targetHints":{"allow":["GET"]}}],"collection":[{"href":"http:\/\/taxaktual.hu\/index.php\/wp-json\/wp\/v2\/pages"}],"about":[{"href":"http:\/\/taxaktual.hu\/index.php\/wp-json\/wp\/v2\/types\/page"}],"author":[{"embeddable":true,"href":"http:\/\/taxaktual.hu\/index.php\/wp-json\/wp\/v2\/users\/1"}],"replies":[{"embeddable":true,"href":"http:\/\/taxaktual.hu\/index.php\/wp-json\/wp\/v2\/comments?post=42"}],"version-history":[{"count":9,"href":"http:\/\/taxaktual.hu\/index.php\/wp-json\/wp\/v2\/pages\/42\/revisions"}],"predecessor-version":[{"id":263,"href":"http:\/\/taxaktual.hu\/index.php\/wp-json\/wp\/v2\/pages\/42\/revisions\/263"}],"wp:attachment":[{"href":"http:\/\/taxaktual.hu\/index.php\/wp-json\/wp\/v2\/media?parent=42"}],"curies":[{"name":"wp","href":"https:\/\/api.w.org\/{rel}","templated":true}]}}